divisor of 1260 and 918414?
126
Calculate the highest common factor of 520 and 117024640.
40
Calculate the greatest common factor of 839400 and 312.
24
What is the highest common factor of 335 and 138844435?
335
Calculate the highest common divisor of 2050054314 and 462.
462
Calculate the greatest common factor of 31658418 and 17171.
2453
Calculate the highest common divisor of 44292237 and 11.
11
What is the greatest common factor of 865 and 960496?
173
Calculate the greatest common factor of 379967 and 79577.
527
Calculate the greatest common factor of 508228 and 175.
7
What is the highest common divisor of 4409284 and 28336?
1012
What is the greatest common factor of 1881 and 185758991?
209
Calculate the highest common factor of 3519046 and 442081.
677
What is the highest common factor of 1890186 and 138?
138
What is the highest common factor of 261660 and 2994880?
980
Calculate the highest common factor of 178999 and 6517.
19
What is the highest common factor of 315499722 and 1314?
438
What is the highest common divisor of 4029 and 2910825?
51
Calculate the greatest common divisor of 67 and 1668793522.
67
What is the highest common factor of 498038451 and 5862?
2931
What is the greatest common divisor of 3709483 and 618983?
883
Calculate the greatest common factor of 1595522 and 1740.
58
What is the highest common divisor of 449648 and 32?
16
Calculate the highest common divisor of 642198105 and 18.
9
Calculate the highest common factor of 21728 and 251916.
28
Calculate the highest common divisor of 3766956 and 1692.
564
Calculate the greatest common factor of 191939 and 6567.
11
What is the greatest common factor of 317590 and 428155?
455
What is the greatest common divisor of 2764145 and 3650?
365
Calculate the highest common factor of 37 and 97498663.
37
What is the greatest common factor of 537563452 and 2116?
2116
What is the highest common factor of 10741 and 14841727?
467
What is the greatest common divisor of 611613790 and 110?
10
What is the greatest common factor of 9088 and 30084928?
64
What is the highest common factor of 666733 and 3?
1
Calculate the greatest common factor of 17311 and 1421.
7
What is the greatest common divisor of 29422 and 200007?
313
What is the highest common divisor of 21496584 and 24?
24
Calculate the greatest common divisor of 37488486 and 11718.
1302
Calculate the greatest common divisor of 8192 and 439040.
256
What is the greatest common factor of 105 and 5756385?
15
Calculate the highest common divisor of 72553416 and 102.
102
Calculate the highest common divisor of 9072 and 27371232.
1008
Calculate the highest common divisor of 6434526 and 24.
6
What is the highest common factor of 1388 and 196673007?
347
What is the greatest common divisor of 2071080 and 8025?
15
Calculate the greatest common factor of 373116 and 48229.
17
Calculate the highest common divisor of 39603 and 2808129.
921
Calculate the greatest common factor of 944 and 1954552.
472
Calculate the highest common divisor of 23 and 336633244.
23
What is the greatest common divisor of 908917394 and 13902?
4634
What is the greatest common divisor of 121148 and 43369?
31
Calculate the highest common divisor of 5395242 and 1206.
402
What is the highest common factor of 17512521 and 26104?
3263
Calculate the highest common factor of 92448 and 33990904.
856
Calculate the greatest common divisor of 636 and 32859364.
212
What is the greatest common divisor of 513756 and 11289?
213
Calculate the greatest common divisor of 231 and 19031694.
33
Calculate the greatest common divisor of 512 and 18683328.
64
Calculate the greatest common factor of 776880 and 14415.
15
What is the greatest common factor of 2130704 and 104?
8
What is the highest common divisor of 10454436 and 1367820?
5364
What is the highest common factor of 148 and 33251012?
148
Calculate the greatest common divisor of 21659986 and 33085.
509
Calculate the highest common divisor of 14440411 and 3609.
401
What is the greatest common factor of 6 and 272768182?
2
What is the highest common divisor of 630 and 21207900?
210
Calculate the greatest common divisor of 541618 and 91146.
22
Calculate the greatest common divisor of 4248 and 19681560.
72
What is the greatest common divisor of 28 and 13281142?
14
Calculate the greatest common factor of 156128 and 269042.
1394
Calculate the greatest common divisor of 87 and 376269.
3
Calculate the highest common divisor of 1506677 and 57767.
947
What is the greatest common factor of 103163266 and 522?
58
Calculate the highest common divisor of 30 and 876240780.
30
Calculate the greatest common divisor of 172 and 2268551.
43
What is the greatest common factor of 124552974 and 84?
42
Calculate the greatest common factor of 21335 and 1040570.
85
What is the greatest common factor of 788397 and 15369?
327
What is the highest common divisor of 1188 and 1266204?
12
Calculate the highest common divisor of 2006616 and 252.
12
Calculate the greatest common factor of 5423 and 1812094.
29
What is the greatest common factor of 2379 and 21094593?
2379
What is the greatest common factor of 18 and 1151584893?
9
What is the highest common divisor of 80225 and 613400?
25
What is the greatest common divisor of 17300616 and 856?
856
What is the highest common divisor of 10010 and 134493359?
1001
Calculate the greatest common divisor of 257110 and 18634.
14
Calculate the greatest common divisor of 1006593 and 21.
21
Calculate the highest common divisor of 161402843 and 11174.
5587
What is the highest common divisor of 39 and 386477?
13
What is the greatest common factor of 294 and 107133453?
147
What is the highest common divisor of 3905 and 4186773085?
3905
Calculate the highest common divisor of 12402538 and 38.
2
Calculate the highest common divisor of 14592 and 17753856.
768
Calculate the highest common divisor of 23519823 and 207.
69
What is the highest common factor of 904 and 12535429?
113
Calculate the greatest common divisor of 146123 and 28012.
47
What is the greatest common divisor of 621150848 and 128?
128
What is the greatest common divisor of 95351704 and 7?
7
Calculate the highest common factor of 4882 and 526394327.
2441
Calculate the highest common factor of 979477 and 549.
61
What is the highest common divisor of 41107176 and 176?
88
What is the greatest common factor of 1131338 and 86125?
689
What is the highest common divisor of 4456 and 2417937?
557
Calculate the greatest common divisor of 313 and 14460287.
313
What is the highest common factor of 40049500 and 60?
20
What is the greatest common divisor of 635 and 54556787?
127
Calculate the greatest common factor of 20167984 and 306.
34
What is the greatest common factor of 10917 and 93861?
9
What is the highest common divisor of 109877070 and 2235?
2235
What is the highest common factor of 2452720 and 445625?
3565
What is the highest common factor of 15 and 1474866390?
15
Calculate the greatest common factor of 24 and 26814864.
24
What is the highest common factor of 4621188 and 42?
6
Calculate the greatest common factor of 1173405416 and 272.
136
Calculate the greatest common divisor of 40514900 and 60.
20
Calculate the highest common factor of 3792252 and 1704.
852
What is the highest common factor of 5015 and 4436269?
1003
Calculate the greatest common factor of 4996776 and 184926.
3774
What is the greatest common divisor of 820 and 7185988?
164
Calculate the greatest common divisor of 2918997 and 60831.
81
What is the highest common divisor of 19249288 and 184?
8
What is the highest common factor of 231590 and 7455?
5
What is the greatest common divisor of 285830 and 15810?
10
Calculate the greatest common divisor of 1716 and 21088551.
33
Calculate the greatest common factor of 580 and 35326640.
580
Calculate the highest common divisor of 6479 and 6981854.
209
What is the highest common factor of 3129 and 11185755?
21
What is the greatest common divisor of 726 and 1442562?
726
Calculate the greatest common factor of 676 and 35652409.
169
What is the highest common factor of 1797965 and 268965?
695
What is the highest common factor of 279962253 and 9?
9
What is the greatest common factor of 19470620 and 30?
10
What is the highest common divisor of 627401 and 29807?
727
What is the highest co